*o = -4*i - 286. Let g = -54 - o. What are the prime factors of g?
2, 3
Suppose -2*w - 2*l = -576, 5*w = 4*w + 5*l + 270. List the prime factors of w.
3, 5, 19
Let g(r) = 55*r**3 - r**2 - r - 1. Let q be g(-1). Let m = 154 + q. Suppose -5*k + 162 = -a, -5*k = -3*a + m - 254. List the prime factors of k.
3, 11
Let u(w) = w**2 + 6*w - 15. Suppose -b = -z + 11, 0 = -z + 3*b + b + 23. Let j = -4 - z. What are the prime factors of u(j)?
2, 5
Let m(r) = -4*r**2 - 5*r + 12. Let o(y) = -11*y**2 - 14*y + 36. Let p(s) = 8*m(s) - 3*o(s). What are the prime factors of p(12)?
2, 3, 13
Suppose 2*y - 153 = -7*y. Let d = -7 + y. List the prime factors of d.
2, 5
Suppose -370 - 316 = -2*z. List the prime factors of z.
7
Suppose 10 = 2*a, 150*c - 4*a - 4208 = 146*c. What are the prime factors of c?
7, 151
Suppose 0 = 7*l + 9847 - 25912. List the prime factors of l.
3, 5, 17
Let h = 4936 - 3497. What are the prime factors of h?
1439
Let f = -835 - -907. Let n = -105 + 62. Let r = n + f. List the prime factors of r.
29
Let c(x) = x**3 - 18*x**2 + 16*x + 14. Let d be c(17). Let b = 86 - d. List the prime factors of b.
89
Suppose -21*s + 39220 = 16*s. List the prime factors of s.
2, 5, 53
Let o = 28 + -31. Let v(j) = 17*j**2 - 2*j. What are the prime factors of v(o)?
3, 53
Let l = 5 + 51. Suppose -l*v - 244 = -58*v. What are the prime factors of v?
2, 61
Let j = -36 + 55. Suppose 0 = j*k - 2250 - 2025. What are the prime factors of k?
3, 5
Suppose -5*w = -25, -f = -4*f - 3*w - 6. Let s(z) = 7*z - 3 - 1 + 2*z**2 + 0. What are the prime factors of s(f)?
3, 5
Let o(n) = n**3 + 10*n**2 + 5*n - 8. Let k be o(-6). Suppose 3*b = 4*m + 64, -4*m - m = 4*b - k. What are the prime factors of b?
2, 3
Let r be (4 - -1)*(4 - 101). Let t = r - -697. What are the prime factors of t?
2, 53
Let q = -151 - -283. Suppose 3*p = -2*p + 15. Suppose -6*f + q = -p*f. What are the prime factors of f?
2, 11
Let p be 616/(-21) - (-2)/(-3). List the prime factors of 190/4*(-36)/p.
3, 19
Suppose -13311*l = -13303*l - 33512. List the prime factors of l.
59, 71
Let s = -5 - 8. Let j be (-21)/14 + s/(-2). Suppose j*z - 65 = -0*z. List the prime factors of z.
13
Let k(z) = z**2 + 2*z - 10. Let n be k(-5). Suppose -c = -4*c + 5*u + 145, -3*c + 155 = n*u. List the prime factors of c.
2, 5
Let h be 4/(-1)*(-6061)/76. Let m = h - 71. Suppose -g + m = 5*n, -3*g - 129 = -4*n + 77. What are the prime factors of n?
2, 5
What are the prime factors of 353 + -3 + 0*(-5)/(-15)?
2, 5, 7
Suppose -7*j + 1781 + 2020 = 0. Let z = -276 + j. List the prime factors of z.
3, 89
Let h(g) = g**3 + 4*g**2 + 2*g. Let s be h(-3). Suppose -5*j + s*j + 10 = 0. Suppose j*d - 106 = 124. What are the prime factors of d?
2, 23
Let d = 53 + -129. Let y = -31 - d. What are the prime factors of y?
3, 5
Suppose -1268 = -5*c + 1337. List the prime factors of c.
521
Let k be (-66 + 0)*-1 - -4. Suppose 0 = -8*s + k - 22. List the prime factors of s.
2, 3
Let x = -5466 - -10256. What are the prime factors of x?
2, 5, 479
Let k = 27 + -21. Suppose k*u - 50 = u. Suppose -m - 4 = -u. What are the prime factors of m?
2, 3
Let f = -3002 + 4216. What are the prime factors of f?
2, 607
Suppose -27 = -2*r - 2*q + 33, -4*q = -20. Suppose 0 = -0*n - 5*n - r, -n - 218 = -3*k. Suppose -4*f + k = -25. What are the prime factors of f?
2, 3
Suppose 49*k - 48*k - 3837 = 0. List the prime factors of k.
3, 1279
Suppose 3*p + 4*d - 6*d = 529, -8 = 4*d. What are the prime factors of p?
5, 7
What are the prime factors of (1*-297)/(-1) + -1?
2, 37
Let j = 1971 + -1302. List the prime factors of j.
3, 223
Let y be 346/(-8) - (-4)/16. Let h = 66 + y. List the prime factors of h.
23
Let n(q) = 9*q**2 + 2*q + 3. Let z(h) = -h**2 + 11*h - 12. Let o be z(10). Let t be n(o). Suppose 5*p - t = -0. What are the prime factors of p?
7
Let l = -13 - -18. Suppose 4*u + 3*x = 2*x + 36, 3*u - 27 = l*x. Suppose 0*d - d = 0, 0 = -j + 2*d + u. What are the prime factors of j?
3
Let t be 1*(4*-5)/(-5). Suppose -t*o - 5*m = -145, 3*o + 3*m - 32 - 73 = 0. List the prime factors of o.
2, 3, 5
Suppose 0 = 3*a - h + 92, 2*a - 4*h + 52 = -h. Let t = 34 + a. Suppose 3*x - 260 = -t*x. What are the prime factors of x?
2, 13
Suppose m = -3*m + 8. Suppose 2 = -m*s + 18. Suppose -s*z + 3*z = -200. What are the prime factors of z?
2, 5
Let k(x) = -2*x**3 - 19*x**2 + 12. List the prime factors of k(-11).
3, 5
Suppose 2255 - 7607 = -8*s. What are the prime factors of s?
3, 223
Let f = 220 + -18. List the prime factors of f.
2, 101
Let u = 693 + -240. List the prime factors of u.
3, 151
Let y be 0 + 0 + 2 + 0/(-7). Suppose 2*s = y*v - 0*s - 230, -4*s + 120 = v. List the prime factors of v.
2, 29
Let m(n) = -n - 4*n + 8 + 3*n**2 - 5*n. List the prime factors of m(6).
2, 7
Suppose 79 = 55*x - 361. List the prime factors of x.
2
Suppose -6*w - 2260 = -10*w. Suppose -l + x = -85 - 30, 0 = -5*l - 5*x + w. List the prime factors of l.
2, 3, 19
Suppose 4*h + 18*h - 3388 = 0. List the prime factors of h.
2, 7, 11
Suppose 0 = -7*g + 8 - 120. Let p be 1*-23 + 0 + 0. Let j = g - p. What are the prime factors of j?
7
Suppose -97137 = -20*l - 28637. What are the prime factors of l?
5, 137
Let y = 16 + -8. Suppose 42 + 302 = y*m. What are the prime factors of m?
43
Let q(j) = -j**3 - 8*j**2 + 12*j - 13. Let z = -25 - 5. Let b be (-3)/((-129)/z - 4). List the prime factors of q(b).
67
Suppose 2493 - 10581 = -24*h. List the prime factors of h.
337
Let q(a) = -168*a**3 + a**2. What are the prime factors of q(-1)?
13
Suppose -232*o = -3*p - 227*o + 1953, -5*p + 3255 = -2*o. What are the prime factors of p?
3, 7, 31
Let u(l) = -17*l**3 + 4*l**2 - 3*l - 4. Let b(m) = 26*m**3 - 6*m**2 + 4*m + 6. Let g(a) = 5*b(a) + 7*u(a). List the prime factors of g(1).
2, 5
Let l(w) = w**3 - 2*w**2 - 9*w + 8. Let x(u) = -u**2 + u + 1. Let c(g) = l(g) - 3*x(g). List the prime factors of c(5).
5, 19
Let y be (1 - 1)/(0 + 1). Suppose -3*n + 4*p + p + 29 = 0, 3*n + 5*p + 11 = y. What are the prime factors of n?
3
Let o = 24 + -12. Suppose u - o = -0*u. Let f(c) = -c**2 + 14*c + 9. What are the prime factors of f(u)?
3, 11
Let k be (-4)/22 - (-2)/11. Suppose k = 3*j - 4*j. List the prime factors of 22/(-2)*(-3 + j).
3, 11
Let j(i) = i. Let l(d) = 11*d - 9. Let u(g) = 4*j(g) - l(g). Suppose y + 8 - 4 = 0. List the prime factors of u(y).
37
Let l be ((-2)/(-2))/((-12)/996). Let s = 107 + l. What are the prime factors of s?
2, 3
Suppose 0 = -1885*j + 1892*j - 2891. What are the prime factors of j?
7, 59
List the prime factors of (9220/120)/((-1)/(-6)).
461
Let m(i) = i**3 - 2*i**2 - 5*i + 4. Let q be m(3). Suppose 20 = -3*f - 25. List the prime factors of q/((f/18)/5).
2, 3
Suppose 37*t = 40*t - 756. List the prime factors of t.
2, 3, 7
Let q = -209 - -187. Suppose 0 = -o - 4*o + 295. Let c = o + q. What are the prime factors of c?
37
Let l(c) = c**3 + 2*c - 8. Let u be l(5). Suppose -3*o = -137 - u. List the prime factors of o.
2, 11
Let m = -146 + 4432. List the prime factors of m.
2, 2143
Suppose 2*l + 2*z = 28 - 2, 7 = l - z. Let s be (8/l)/((-15)/(-75)). Suppose -s*t - 5*h + 164 = 0, 0 = -3*t + 5*t + 2*h - 84. What are the prime factors of t?
2, 23
What are the prime factors of 2 - (5 - 3) - -1267?
7, 181
Suppose 2 = 8*x - 7*x. Suppose -x*c - 2*q = -2, -c - 3 = -2*c + q. Suppose 39 + 5 = c*z. List the prime factors of z.
2, 11
Suppose 3*j - 4 + 15 = 4*l, l - 3*j = -4. Suppose -3*p + 93 = 3*q, -l*q - 40 = -5*p + 95. List the prime factors of p.
29
Suppose 0 = 4*u - p + 3575, 5*u - 4*p + 4467 = -p. What are the prime factors of u*(-10)/12*(-2)/(-5)?
2, 149
Let c be 2/(-3) - (-700)/15. Let a = c + -29. Let l = 68 - a. List the prime factors of l.
3, 17
Let y(v) = -6 + 7 + 4 + 4*v. What are the prime factors of y(15)?
5, 13
Suppose -11 = -v - 2. Suppose 5*b + 36 = v*b. List the prime factors of b.
3
Let t(x) = 22*x - 156. What are the prime factors of t(24)?
2, 3, 31
Suppose -g + 66 = g. Let i be 6/(-21) + (-148)/(-28). Let v = g + i. List the prime factors of v.
2, 19
Suppose 1005 + 580 = 5*u. What are the prime factors of u?
317
What are the prime factors of 70715/35 - 21/49?
2, 5, 101
Let i(d) = d**2 - 4*d. Let m be i(2). What are the prime factors of (2/m)/(2/(-52))?
13
What are the prime factors of ((-132)/(-16))/(6/576)?
2, 